011000001101 (base 2) to base 11
161a443
-a4434 (base 11) to base 4
-211022333
-101110212 (base 6) to base 12
-6b8368
What is 5a8135 (base 12) in base 15?
1de36e
6893b7 (base 13) to base 11
1441844
What is -122000220202 (base 3) in base 12?
-14203b
Convert -2000205 (base 6) to base 15.
-1ca0e
Convert 2629300 (base 10) to base 11.
1536483
3217838 (base 9) to base 3
10020121221022
Convert 105484 (base 11) to base 3.
22112211200
What is -57205 (base 11) in base 7?
-463211
-48dcf (base 16) to base 6
-10221411
11001001101010000000 (base 2) to base 16
c9a80
What is -11201020220101 (base 3) in base 6?
-125404101
Convert 7106 (base 11) to base 10.
9444
What is -83094 (base 11) in base 15?
-25db9
Convert -1111011001100101101 (base 2) to base 4.
-1323030231
Convert -71edf7 (base 16) to base 7.
-120315120
Convert -403025500 (base 6) to base 14.
-ca8b92
Convert -112654350 (base 8) to base 15.
-1ac7b34
Convert 17821a (base 11) to base 9.
457423
What is -202177 (base 9) in base 12?
-59337
-a05b1d (base 15) to base 6
-431101544
425455 (base 8) to base 9
235856
1647478 (base 13) to base 9
14460824
Convert 3023002110 (base 4) to base 7.
10032411
Convert -100001100110110000001 (base 2) to base 8.
-4146601
What is 10213031 (base 5) in base 9?
140118
-3565514 (base 8) to base 12
-3b19a4
Convert 3303022001 (base 4) to base 9.
1777182
What is -961f7 (base 16) in base 7?
-5140502
-a25b8e (base 15) to base 5
-3433330414
What is 44030534 (base 6) in base 8?
4777372
Convert 6012106 (base 7) to base 10.
709036
43964 (base 12) to base 10
89500
What is -3452413 (base 6) in base 8?
-533731
What is -100011100110110000 (base 2) in base 6?
-3043104
What is -1193c3 (base 16) in base 2?
-100011001001111000011
Convert 2141624 (base 7) to base 15.
52b0e
-336f1c (base 16) to base 5
-1330331110
112354235 (base 6) to base 8
7745457
-35342 (base 9) to base 16
-5c39
-24a886 (base 12) to base 2
-10010010010001100110
Convert -6ad8c (base 15) to base 11.
-212958
Convert -a0658 (base 11) to base 7.
-1152103
What is -9737 (base 11) in base 9?
-18575
What is 1532601 (base 7) in base 4?
303033030
3b757 (base 12) to base 4
110011303
Convert 10110011001100011110100 (base 2) to base 9.
12038608
Convert -102333211320 (base 4) to base 12.
-18014a0
Convert 2113002103 (base 4) to base 8.
2270223
Convert -22111112111020 (base 3) to base 14.
-8586c2
Convert 110003103 (base 4) to base 3.
11011122220
What is 10ca68 (base 13) in base 14?
a57cd
-61138 (base 10) to base 8
-167322
12672672 (base 9) to base 3
102202102202102
What is -104222022 (base 5) in base 12?
-1a2873
-1e4b8 (base 15) to base 9
-160652
Convert -22002203 (base 5) to base 4.
-231312123
Convert 155344222 (base 7) to base 8.
50132660
Convert 18adb (base 16) to base 7.
600463
-316446 (base 8) to base 5
-11341031
Convert -91b32 (base 12) to base 8.
-563026
Convert 1220002011201 (base 3) to base 16.
f576a
What is 477452 (base 8) in base 5?
20214001
Convert 1286041 (base 9) to base 4.
2230132012
What is 111202242 (base 5) in base 12?
1b8143
15c4217 (base 13) to base 5
3300111102
Convert 54244b (base 12) to base 14.
2691b5
What is 235a37 (base 14) in base 8?
4464541
Convert -110210022 (base 6) to base 15.
-29090e
640202 (base 7) to base 6
2211442
Convert 177457 (base 13) to base 5.
122243342
1001110101011011000 (base 2) to base 9
541051
110103132 (base 5) to base 15
94e12
-1442550 (base 7) to base 6
-4104503
-110021231 (base 4) to base 12
-3b925
What is -2aed6 (base 15) in base 4?
-201301233
What is -b36ba (base 14) in base 13?
-121912
-10011010110110010 (base 2) to base 14
-20c70
What is -1000001111200011 (base 3) in base 10?
-14378557
Convert -100111101101110011000 (base 2) to base 16.
-13db98
What is 51506 (base 10) in base 5?
3122011
What is 1352153 (base 7) in base 12?
887a8
What is -3edc2 (base 16) in base 5?
-31214344
Convert -12c5b2 (base 16) to base 13.
-340c83
1013340 (base 6) to base 12
24250
What is -1212335253 (base 6) in base 16?
-d328f1
What is 30501551 (base 6) in base 14?
18c53d
Convert 21a88a (base 11) to base 12.
14b23b
Convert -41de3a (base 16) to base 2.
-10000011101111000111010
Convert -6bd70 (base 15) to base 5.
-42001110
-3021321 (base 6) to base 7
-1133416
Convert 444365 (base 9) to base 3.
111111102012
What is -221353002 (base 6) in base 3?
-21112000210002
Convert 317066 (base 8) to base 4.
121320312
Convert 1208888 (base 9) to base 7.
5401553
Convert 88656 (base 14) to base 10.
330532
223001321 (base 4) to base 3
22221202202
What is -24995 (base 13) in base 14?
-1a893
33652 (base 12) to base 2
10000101011011110
What is -763262 (base 9) in base 7?
-3603602
What is -4483864 (base 11) in base 13?
-181c319
Convert 176285 (base 9) to base 7.
634334
-101e4b (base 16) to base 4
-10001321023
-24dca4 (base 14) to base 16
-135718
What is -4a029 (base 11) in base 15?
-1648a
3e70 (base 15) to base 13
6123
2616557 (base 8) to base 10
728431
What is 202022012 (base 4) in base 14?
38db8
What is -1346122 (base 7) in base 14?
-49749
6360102 (base 11) to base 7
164126325
-10011101110111011 (base 2) to base 10
-80827
Convert -6a3204 (base 11) to base 15.
-170e3a
What is 41320313 (base 5) in base 13?
bb2c1
Convert 776999 (base 10) to base 14.
16323d
What is -55a07 (base 13) in base 6?
-3155503
-813318 (base 9) to base 13
-13b16a
Convert -3abab (base 13) to base 16.
-1ac55
73205 (base 12) to base 16
24c65
Convert 845cd8 (base 14) to base 3.
22102020010211
112310120 (base 6) to base 3
10220112211210
What is 111010320 (base 4) in base 10?
86328
Convert -16612655 (base 7) to base 2.
-110001110110110100100
23ccc (base 15) to base 14
2d8dd
23231214 (base 5) to base 2
110011100111101010
What is 10406345 (base 8) in base 14?
421349
Convert -1110104 (base 8) to base 13.
-a618b
Convert 7702272 (base 8) to base 15.
2ac064
What is 4b962 (base 15) in base 4?
323001032
-2ac9e (base 16) to base 8
-526236
What is -476288 (base 10) in base 7?
-4022411
1474 (base 12) to base 8
4530
What is -167274 (base 8) in base 6?
-1150540
What is 503518 (base 9) in base 2?
1001000101101111110
Convert 23353456 (base 9) to base 15.
ee9aa0
What is -10122100001 (base 3) in base 12?
-3559a
10201121010120 (base 3) to base 13
544344
1246374 (base 10) to base 13
3483cc
Convert -4d1a66 (base 14) to base 15.
-376c33
What is -47811 (base 13) in base 9?
-218613
What is -1010303122 (base 4) in base 2?
-1000100110011011010
What is -11631614 (base 7) in base 9?
-1870148
Convert 17c81 (base 14) to base 9.
101375
-200114 (base 7) to base 9
-51165
What is -668c58 (base 15) in base 10?
-4889783
42692 (base 11) to base 3
10011010021
85a0 (base 14) to base 11
16375
38deb (base 15) to base 14
4a497
-393d0 (base 15) to base 14
-4aa40
What is -230533333 (base 6) in base 5?
-2041230320
What is -10031123330 (base 5) in base 14?
-148bab7
What is 22101100200 (base 3) in base 2?
101000010010010111
-112200200022000 (base 3) to base 2
-11101110010001100111110
What is 3346084 (base 11) in base 16?
597c1e
Convert 13023114 (base 5) to base 7.
1035161
186a403 (base 13) to base 5
4021204133
-375746 (base 11) to base 13
-17a002
Convert 644002 (base 11) to base 13.
2a0bab
Convert -1c2060 (base 13) to base 6.
-23222213
What is 248d9 (base 16) in base 4?
210203121
What is -185434 (base 11) in base 2?
-1000101101010101011
-338031 (base 10) to base 6
-11124543
1101111110101111111001 (base 2) to base 15
4c5d5e
Convert 3388651 (base 11) to base 14.
b03a9c
What is -16367 (base 15) in base 13?
-267c4
Convert -50216 (base 9) to base 7.
-165105
What is -2210112022111 (base 3) in base 12?
-5b8404
What is -27819 (base 12) in base 7?
-315411
What is 32655 (base 8) in base 4?
3112231
4a635 (base 11) to base 4
101232332
Convert 22255432 (base 6) to base 2.
10100101001001101100
What is 6445204 (base 7) in base 2?
10111111100010011111
-2450681 (base 9) to base 6
-44320414
What is -11000021010200 (base 3) in base 15?
-2c15e6
-d519 (base 15) to base 14
-125a0
Convert 78039 (base 13) to base 3.
102001102110
Convert -23310203 (base 5) to base 3.
-101211102111
What is 1325a25 (base 14) in base 16?
8cec61
What is -134333 (base 10) in base 4?
-200302331
-274272 (base 10) to base 15
-563ec
1100222111002 (base 3) to base 15
e5a15
What is 30222322212 (base 4) in base 13?
8c3aba
What is -423014241 (base 5) in base 11?
-aa7491
Wh